*l + 80. Let w be s(16). What is the highest common factor of 176 and w?
16
Suppose 0*d - 2*d + z + 2919 = 0, 3*d + 5*z - 4411 = 0. Calculate the highest common factor of d and 86.
86
Let w be 165/77*(-1)/((-3)/21). Calculate the highest common factor of 135 and w.
15
Let i = 346 + -276. What is the greatest common factor of i and 14?
14
Suppose -141*t + 118*t + 24725 = 0. Calculate the highest common factor of 43 and t.
43
Let c be 437/95 + (-1 - (-4)/10). Suppose -4*t = l - 0*l - 44, -32 = -4*t + 2*l. Calculate the highest common factor of t and c.
2
Let p = 27 + -23. Let u be -4 + 36/(16/p). Suppose 0 = -4*d - n + 379, -88 - 382 = -u*d - 2*n. Calculate the greatest common factor of 24 and d.
24
Let n be (-4 + -1)*(-6)/(-5). Let g be ((-36)/10)/(n/15). Let c(v) = v**2 - v - 9. Let i be c(g). Calculate the highest common factor of 21 and i.
21
Suppose k - 177 = -3*q, -2*q - 3*k + 88 = -30. Suppose 2*y - 13 = q. Calculate the greatest common factor of y and 24.
12
Let x be (-88)/(-8) + (-2 - 1). Let w be (9 - 11)/((-2)/208*2). Calculate the greatest common factor of x and w.
8
Let g be 101/707 + (-502)/(-14). Calculate the greatest common factor of 192 and g.
12
Let v = 44 - 33. Let f be (v/(-22))/((-1)/336). What is the greatest common factor of 24 and f?
24
Let w(j) = 3*j**2 + 4*j - 11. Let r be w(-4). Let k = -20 - -41. What is the highest common divisor of k and r?
21
Let a(z) = 209*z - 33. Let f be a(3). What is the greatest common factor of f and 66?
66
Let y be 8/3*(7 - 1). What is the highest common factor of y and 12?
4
Suppose 2*f = -k + 1 + 5, -2*k + 2 = -f. Let x be 1/((-1)/14*(k - 4)). What is the highest common divisor of x and 7?
7
Suppose -q - 2*q = -135. Let u(c) = -c**3 + 33*c**2 - 27*c - 100. Let v be u(32). What is the highest common divisor of v and q?
15
Let b be 0 + 1/((-4)/(-40)). Suppose -u - b*u + 385 = 0. Calculate the highest common divisor of u and 280.
35
Suppose 10*y = 9*y + 14. Let q(k) = k - 9. Let t be q(y). Suppose h - 2*h = 3*s - 201, -t*s + h + 327 = 0. What is the greatest common divisor of s and 22?
22
Let x(d) = 142*d - 85. Let w be x(7). What is the highest common factor of 9 and w?
9
Let i be ((-15)/(-3) + -49)*7/(-4). What is the greatest common factor of 33 and i?
11
Let v = -102 - -193. Suppose -v - 80 = -q. Calculate the greatest common factor of 19 and q.
19
Suppose -385 = -0*t - 5*t. Let u = 11 + -7. Suppose u*y - 11 = 33. Calculate the greatest common divisor of y and t.
11
Let z = 1 + 4. Suppose -f + b + 4 = -5, -4*b = f + 11. What is the greatest common factor of f and z?
5
Let y be (-2)/3*(-900)/24. Suppose -5*k - 43 = x + 3*x, y = -4*x + k. Let f be (x - -6) + (-20)/(-2). What is the greatest common factor of 27 and f?
9
Let p be 726 + (-20)/(-60) + 13/(-3). What is the highest common divisor of p and 152?
38
Let o be 8/(-3)*18/12. Let m be (-2)/(((-8)/o)/(-2)). Suppose 2*c - c + m*u = 20, -20 = -5*u. What is the highest common factor of 48 and c?
12
Let k(b) = b**2 + 2*b + 4. Let r be k(-4). Let u(c) = -2*c**2 - 29*c - 24. Let p be u(-12). Calculate the greatest common factor of r and p.
12
Suppose 4*u + 63 = 79. Let k be 4/6*306/u. Calculate the greatest common factor of k and 85.
17
Let g be (21/63)/((4/114)/2). Suppose 25*f - g*f = 150. What is the greatest common divisor of 10 and f?
5
Let j(c) = -c**2 + 19*c - 12. Let w be j(18). Let q be (-4 - (-741)/w) + (-2)/4. Calculate the highest common divisor of 17 and q.
17
Let m = 19 - 13. Let v be (-88)/12*(9 - 18). Calculate the highest common factor of v and m.
6
Let w(f) be the second derivative of f**3/2 - 3*f**2 - 12*f. Let o be w(13). What is the highest common divisor of 22 and o?
11
Let v(k) = -5*k**3 - k**2 + 4*k + 4. Let c(q) = -q**2 + 24*q - 2. Let y be c(24). Let x be v(y). Calculate the highest common factor of x and 192.
32
Suppose z = -160 + 193. Calculate the greatest common divisor of 66 and z.
33
Suppose -142 = -5*j - 102. Suppose -3*a + 30 = 3*s - 5*s, 2*a = -4*s + 36. Calculate the highest common factor of a and j.
4
Suppose -63 = -20*t + 13*t. What is the highest common factor of t and 1?
1
Suppose -3*i - 5*h = -2*i + 10, 0 = 2*i + 2*h - 4. Let l be (-3)/15 - (-31)/i. Let a be 26*3*3/l. What is the highest common divisor of 13 and a?
13
Let w = -116 + 338. Calculate the highest common factor of 6 and w.
6
Suppose -18 = -4*d - z, -4*d + 19 = d + 3*z. Suppose d = -5*u + 705. Calculate the greatest common divisor of u and 35.
35
Let q(r) = -r**3 + 11*r**2 + 29*r - 8. Let y be q(13). Let v be (-493)/(-4) + 9/12. Calculate the greatest common divisor of y and v.
31
Let b(x) = x**2 + 15*x + 14. Let t be b(-11). Let d = -21 - t. Let u = 68 - 41. What is the highest common factor of d and u?
9
Let c be (-6)/(-15) - (-1466)/10. Suppose 0 = a + 6*a - c. Calculate the highest common divisor of a and 7.
7
Let w(x) = x**2 - 81*x - 243. Let s be w(-3). Calculate the greatest common divisor of 2259 and s.
9
Suppose 3*i = -0*u + 4*u + 188, 12 = 3*i. Let b = 233 + u. Let g = 37 + -16. Calculate the greatest common factor of g and b.
21
Let b be (16/(-20))/((-1)/(-5)). Let v(n) = 6*n**3 + 4 - 3*n**2 - 3 - 4 + 3*n - 7*n**3. Let c be v(b). What is the greatest common factor of 5 and c?
1
Suppose -x - 80 = -6*x. Suppose -174 - 26 = -5*p. Suppose -24 = -z + p. Calculate the highest common factor of z and x.
16
Let i be (-1 + (12 - 0))*1. Suppose 0*d - 4*d - i = -q, -q + d = -5. What is the highest common factor of q and 15?
3
Suppose 9*h + 4*q - 20 = 5*h, 0 = 3*h - 4*q + 6. Calculate the greatest common factor of h and 202.
2
Suppose 0 = -4*o - 2*a + 190, 40 = o + a + a. Suppose -2*d = -o + 6. Suppose 108 = 4*c - 24. Calculate the greatest common divisor of d and c.
11
Let n(g) = 2*g**3 - 53*g**2 - 30*g + 91. Let r be n(27). Let m(s) = 19*s - 5. Let j be m(5). What is the greatest common divisor of r and j?
10
Let w be 13/(3 - (-80)/(-30)). Calculate the greatest common divisor of w and 52.
13
Let k be (-134)/(-2) - 2/2. Suppose 6*j + 49 = 121. Suppose -34*c + 32*c = -j. What is the greatest common factor of k and c?
6
Let m = -846 + 872. Calculate the greatest common factor of 143 and m.
13
Let k(a) = 7*a + 15. Let n be k(0). Suppose 2*p = 2, -4*p + 49 = u - 2*u. Let x be (u/6 - 0)*-18. Calculate the greatest common divisor of x and n.
15
Suppose w = -3*w - 16. Let i be (-3 - 7/w)/(1/(-4)). Let a = 5 + 5. Calculate the greatest common divisor of i and a.
5
Let v(j) = 2*j**2 - 7*j - 6. Let f = 12 + -6. Let x be v(f). Calculate the greatest common divisor of x and 192.
24
Let k be -6 + 192/30 + 8/5. Calculate the highest common divisor of 34 and k.
2
Suppose -5*s - 2*a = -80, 4*a - a - 85 = -5*s. Let g be (-3 - -13)*(4 + -3). Suppose 2*p + 224 = g*p. Calculate the greatest common factor of s and p.
14
Let b(t) = -t + 4. Let i be b(8). Let j be 2 + i + 34 + -2. What is the greatest common divisor of j and 20?
10
Suppose 2*r - 5*i - 49 = 0, 6*i - 58 = -2*r + 2*i. Suppose -4*h = -12 - 0. What is the greatest common divisor of r and h?
3
Let z(b) = -3*b**2 + 57*b + 37. Let v be z(19). What is the greatest common divisor of v and 74?
37
Suppose -36*o - 272 = -52*o. What is the highest common divisor of 476 and o?
17
Let f be (36/8)/(6*(-2)/32). Let l be (-10 - f)/(4/230). What is the highest common divisor of 23 and l?
23
Suppose 0 = -38*n + 39*n + 4*w - 32, 4*n + 5*w = 73. What is the greatest common divisor of n and 32?
4
Suppose s = -5*s + 12. Suppose -s*l + 137 = -5*g, 2*g + 3 = 1. Calculate the greatest common divisor of 6 and l.
6
Let p be (-8)/(-12) - (-176)/6. Let o be (1/3)/(5/p). Suppose 3*v - 67 = -o*g + 77, -141 = -3*v - 3*g. What is the greatest common factor of 10 and v?
10
Suppose 2*v - 56 = 3*o, -2*v + 58 = -3*o - o. Let h = v + 14. What is the highest common factor of 3 and h?
3
Let j be (-2)/5 + 924/35 + -1. Calculate the greatest common factor of 50 and j.
25
Suppose -b + 180 = 3*v, 5*b = -2*v + 4*b + 120. Calculate the greatest common divisor of 48 and v.
12
Suppose 0 = 3*o - 15*o + 1080. What is the greatest common divisor of o and 120?
30
Suppose -156 = 7*g + 96. Suppose -i - 4*r - r - 78 = 0, 3*r = -5*i - 324. Let w = g - i. Calculate the greatest common divisor of w and 3.
3
Suppose 5*j - 3*z - 63 = 0, 0 = -4*z + 41 - 2